 - (3/6)/((-4)/1472). Calculate the highest common divisor of m and 52.
26
Let p be (-93 + (2 - 2))*(-5 + 6)*-5. What is the highest common factor of p and 60?
15
Let u = 39 + -32. Suppose -8*j = -u*j - 26. Suppose 0*h + 7*h = 455. What is the highest common divisor of j and h?
13
Suppose j + 1402 = 4*l - j, -4*l + 1404 = -4*j. Suppose -32*r = -27*r - l. What is the highest common divisor of r and 40?
10
Let x = 11495 + -9419. Calculate the highest common factor of 36 and x.
12
Suppose -3*l + 5*x + 939 = 0, -71*x + 66*x = 4*l - 1182. What is the highest common factor of l and 49389?
303
Suppose 2*v = -5*t + 134, 58*v - t = 54*v + 312. Calculate the greatest common divisor of 28 and v.
7
Let m(z) = -126*z + 1194. Let y be m(3). Let v be (24/7)/(3/42). Calculate the greatest common factor of y and v.
48
Let p = 11 - 5. Let u be (15*(-12)/54)/((-6)/9). Suppose -2*w = u*i - 11, -3*i - 2 = -5. Calculate the greatest common divisor of w and p.
3
Let b = 1956 - 1866. What is the highest common divisor of 82 and b?
2
Let m(v) be the second derivative of v**5/20 + 7*v**4/6 - 7*v**3/2 - 45*v**2/2 + 2*v - 2. Let r be m(-15). Calculate the greatest common divisor of r and 3.
3
Let a(p) = 3*p**3 - 23*p**2 + 79*p - 8. Let n be a(6). What is the greatest common divisor of 494 and n?
26
Let o be 1*11*17/(221/(-52)). Let v = 67 + o. Calculate the highest common divisor of 92 and v.
23
Let q be 249710/18 - 222/(-999) - 1. What is the greatest common divisor of 144 and q?
48
Let k = -152 - -273. Suppose 296 = 7*l + k. What is the highest common factor of 15 and l?
5
Let s(v) = 201*v**2 - 15*v + 46. Let c be s(-6). What is the greatest common divisor of 152 and c?
76
Suppose 0 = 11*m + 1479 - 4097. Suppose -4*w + m = 2*r + 3*r, 3*r = 3*w + 132. Calculate the greatest common divisor of r and 46.
46
Let s = -38016 + 38031. Let t(d) = d**2 - 2*d + 4. Let b be t(4). Calculate the greatest common factor of b and s.
3
Suppose -n - 6 = 4*v - 38, 4*v - 48 = 3*n. Suppose 0 = v*z - 75 - 24. What is the greatest common divisor of 781 and z?
11
Suppose -o + 282 + 5 = 4*s, 293 = 4*s - 5*o. Suppose -1051*j + 368*j = 352*j - 273240. What is the greatest common divisor of s and j?
24
Let j(x) = 4*x + 42. Let n be j(-10). Suppose -2*w - 50 = -7*w. Suppose -n = -w*r + 328. What is the highest common factor of r and 33?
33
Let j = -6953 - -7728. What is the greatest common divisor of j and 2170?
155
Let t(p) = 8*p**2 + 4*p + 4. Let m be 1/(1 + 4/(-6)). Let l be t(m). Suppose 16*f - 149 = 27. What is the greatest common factor of f and l?
11
Suppose q + 4*q = 4*o + 460, 3*q = -4*o + 308. Suppose q = 24*j - 18*j. What is the greatest common divisor of j and 464?
16
Let m(s) = -s**2 - 384*s + 4023. Let z be m(10). Calculate the greatest common divisor of 41417 and z.
83
Suppose v + k - 5 = 0, -4*k - 1 = -5*k. Let g be (98/v - -1)*72/4. What is the greatest common factor of 51 and g?
51
Let o be ((-1)/(-1) - (-190)/(-4))*35040/(-26280). Calculate the greatest common factor of 62 and o.
62
Let w be 7018/198 + (-12)/27. Let f(c) = -36*c - 242. Let r be f(-7). What is the greatest common factor of w and r?
5
Suppose 4*i - 28 = t, 2*i + 0*i + 3*t = 14. Suppose -5*n = 20, 0*c - 3*c = -2*n - 35. Let a = c - -5. What is the highest common factor of i and a?
7
Let j = -16831 + 19310. Calculate the greatest common factor of j and 37.
37
Suppose -56*h + 88*h - 576 = 0. What is the highest common factor of h and 2766?
6
Let k(m) = -m**2 + 22*m + 77. Let g be k(27). Let i be (g/(-3))/((-12)/(-18)). Suppose 4*t = -t + 725. Calculate the highest common factor of i and t.
29
Suppose -m = -3*j + j + 5, -5*j = -3*m - 11. Suppose -m*p + q + 48 = 11, -14 = -p + 2*q. Calculate the highest common divisor of p and 4.
4
Let m = 5 + 1. Suppose 7*s = 8*s + 8. Let d be ((-4)/s + (-34)/(-4))*2. Calculate the greatest common factor of m and d.
6
Let s(d) be the first derivative of -d**2/2 + 5*d + 2. Let l be s(0). Suppose -6*f + 50 = 20. What is the greatest common divisor of l and f?
5
Let w(t) = -4*t**3 + 14*t**2 + 31*t - 8. Let p be w(-8). Calculate the greatest common divisor of p and 1512.
168
Suppose -9592 - 11024 = -10*w - 3016. Calculate the greatest common factor of 550 and w.
110
Let l(d) = -6*d - 54 + 3*d - 84 + 106. Let x be l(-16). Calculate the highest common factor of 128 and x.
16
Suppose 4*g + 2*g = -114. Let r = g + 24. Suppose 2*t - 160 = -r*l + 88, 0 = 3*l - 2*t - 152. Calculate the greatest common factor of l and 10.
10
Let z(n) = -2*n**3 - 7*n**2 + 6*n - 9. Let r be z(-6). Suppose r = 6*h - 165. What is the highest common divisor of 75 and h?
25
Let c be (2/(-1))/(-5*10/(-725)). Let t = -24 - c. Suppose -t*z + 2*f = -53, 4*f = 4*z - 3*z - 25. What is the highest common divisor of 1 and z?
1
Suppose 0 = p - 10 + 12. Let d be -14 - (p + -1) - 1. Let a be 15 + d/(20/(-5)). What is the highest common divisor of 6 and a?
6
Let l = -10577 - -10781. What is the greatest common divisor of l and 1020?
204
Let a(x) = -x + 28. Let b(n) = -4*n - 10*n - 18*n**2 + 11 - 11*n - n**3 + 9*n. Let p be b(-17). Let c be a(p). What is the greatest common divisor of 51 and c?
17
Suppose 0 = -12*i + 10*i + 330. Let o = i - 83. Let u = -68 + o. What is the highest common divisor of u and 98?
14
Suppose -4*t + m = 63, 0*m + m - 3 = 0. Let c be 10/t - (-2490)/(-27)*-3. Calculate the greatest common factor of 69 and c.
69
Suppose -36*f = -29*f + 210. Let x = f + 48. Calculate the greatest common divisor of 63 and x.
9
Let l(r) be the second derivative of 2*r**3/3 + 18*r**2 - 102*r. Let a be l(-6). Calculate the highest common divisor of 15 and a.
3
Let l = 19550 + -19442. Calculate the greatest common divisor of 452 and l.
4
Let f(v) = 7*v - 51. Suppose 0 = -4*m - 860 + 904. Let w be f(m). What is the greatest common factor of w and 182?
26
Let f(g) = -8*g**2 - 2*g**2 + 12*g - g**3 - 2 + 16. Let q be f(-11). Suppose 0 = 5*i + 20, 4*i - 10 = -2*v + 3*i. What is the highest common factor of v and q?
1
Suppose -3*k - 156 = 15*k - 732. Calculate the highest common factor of 1080 and k.
8
Let y = 7 + -4. Let s be y/(2 - 15/8). Let u be (-3)/54*9*(-6 + 0). What is the greatest common factor of s and u?
3
Let y(m) = 25*m - 48 - 51*m**2 + 53*m + 53*m**2 - 7 - 10*m. Let k be y(-35). Calculate the highest common divisor of k and 75.
15
Let d = 363 - 360. Suppose 4*n - d*f - 4044 = 0, 2*n + 12*f - 10*f - 2008 = 0. Calculate the greatest common factor of 63 and n.
63
Let t be (1 + -9)*(-2)/1. Let d = -58 - -62. Let b = d - -4. What is the greatest common divisor of t and b?
8
Suppose 6*w = -42 - 42. Let z(l) = -2*l - 18. Let x be z(w). Suppose y - 120 = -5*y. Calculate the greatest common divisor of x and y.
10
Let b be -2 + (324 + 0 - 0). Suppose 171*q + 1089*q - 6524 - 2296 = 0. Calculate the greatest common factor of b and q.
7
Suppose 0*j - 5*m - 27 = -3*j, j - 26 = -4*m. Let c = 119 + -263. Let w = c - -158. Calculate the greatest common factor of j and w.
14
Suppose 0*n = -4*n + 980. Let s be n/(-5)*2/(-2). Let m = -44 + s. What is the greatest common factor of m and 20?
5
Let j(z) = 3*z**2 - 45*z + 19. Suppose 0 = 5*l - 5, 12*l = 3*x + 9*l - 42. Let q be j(x). Calculate the highest common factor of 304 and q.
19
Let m(w) = 221*w - 103. Let d be m(3). Suppose 5*u - 388 - d = -3*a, 5*u - 947 = -2*a. What is the highest common factor of u and 27?
27
Let l = -194 - -118. Suppose 0*s - 4*s = 520. Let m = l - s. Calculate the highest common factor of m and 81.
27
Let q be ((-188)/10)/(152/(-4180)). Calculate the greatest common factor of q and 187.
11
Suppose w = 78 + 15. Let y = -7532 + 7594. Calculate the greatest common factor of y and w.
31
Let i(f) = f**3 + 40*f**2 + 61*f + 874. Let y be i(-38). What is the greatest common divisor of y and 760?
76
Suppose -5*h - 15 = 0, 5*w + h = 9372 + 10850. What is the highest common divisor of 5 and w?
5
Let d be 7 + (-3 - 0) + (28 - -440). What is the highest common factor of 512 and d?
8
Suppose -r + 5 = 158. Let f = r + 388. Let s be ((-36)/(-12) - -2) + (-89)/(-1). What is the highest common divisor of f and s?
47
Let n(o) = 2*o**3 - 68*o**2 - 71*o + 47. Suppose 7*l - 253 = -8. Let d be n(l). What is the highest common factor of 348 and d?
12
Let l be 14 + 8/28*-35. Suppose -4*u